209774394?
2, 3, 439, 8849
What are the prime factors of 27011615?
5, 29, 107, 1741
List the prime factors of 193926645.
3, 5, 11, 113, 3467
List the prime factors of 4724319.
3, 1574773
List the prime factors of 943877097.
3, 34958411
What are the prime factors of 68923981?
7, 29, 339527
List the prime factors of 2685841747.
17, 71, 2225221
What are the prime factors of 198105234?
2, 3, 97, 340387
List the prime factors of 780801498.
2, 3, 823, 17569
List the prime factors of 127186699.
167, 761597
List the prime factors of 1305317815.
5, 261063563
What are the prime factors of 178632989?
4153, 43013
What are the prime factors of 34595322?
2, 3, 5765887
What are the prime factors of 1668086712?
2, 3, 23167871
List the prime factors of 192011216.
2, 613, 19577
List the prime factors of 189444935.
5, 37888987
What are the prime factors of 826959777?
3, 7, 39379037
What are the prime factors of 18242252?
2, 7, 651509
What are the prime factors of 572390?
2, 5, 7, 13, 17, 37
List the prime factors of 2078234913.
3, 692744971
List the prime factors of 246121897.
7, 35160271
What are the prime factors of 2424057717?
3, 808019239
What are the prime factors of 1743270274?
2, 871635137
List the prime factors of 583055750.
2, 5, 23, 31, 3271
List the prime factors of 208926760.
2, 5, 7, 746167
List the prime factors of 660147468.
2, 3, 17, 73, 97, 457
What are the prime factors of 154287104?
2, 17, 8863
What are the prime factors of 24483017?
13, 23, 81883
What are the prime factors of 6335846302?
2, 3167923151
What are the prime factors of 32455509?
3, 443, 24421
List the prime factors of 857380300.
2, 5, 7, 107, 11447
What are the prime factors of 40397132?
2, 397, 25439
What are the prime factors of 14341983?
3, 127, 37643
List the prime factors of 599931691.
599931691
What are the prime factors of 1540389642?
2, 3, 11, 521, 44797
List the prime factors of 2855362435.
5, 151, 967, 3911
List the prime factors of 37483195.
5, 7496639
What are the prime factors of 539011584?
2, 3, 41, 317
List the prime factors of 83076332.
2, 41, 506563
What are the prime factors of 3123808938?
2, 3, 67, 2590223
What are the prime factors of 115507230?
2, 3, 5, 3850241
List the prime factors of 1274183222.
2, 13, 49007047
What are the prime factors of 17396858?
2, 59, 379, 389
What are the prime factors of 33251545?
5, 29, 229321
What are the prime factors of 1624996834?
2, 812498417
List the prime factors of 693966844.
2, 47, 3691313
List the prime factors of 434757770.
2, 5, 37, 1175021
List the prime factors of 215391297.
3, 11, 23, 163, 1741
What are the prime factors of 2081723748?
2, 3, 13, 37, 27743
What are the prime factors of 123784024?
2, 7, 13, 193, 881
What are the prime factors of 1513063157?
19, 79634903
List the prime factors of 224708337.
3, 7, 396311
List the prime factors of 58752130.
2, 5, 31, 189523
List the prime factors of 911193548.
2, 227798387
What are the prime factors of 4256506?
2, 2128253
List the prime factors of 732267499.
12409, 59011
List the prime factors of 134749215.
3, 5, 59, 50753
What are the prime factors of 5333457176?
2, 666682147
What are the prime factors of 509296651?
4099, 124249
List the prime factors of 118646367.
3, 7, 5649827
What are the prime factors of 536393857?
41, 13082777
List the prime factors of 2985857393.
2985857393
What are the prime factors of 137628238?
2, 11, 59, 106031
List the prime factors of 199670034.
2, 3, 71, 468709
List the prime factors of 1939955487.
3, 439, 1473011
List the prime factors of 4042783801.
7, 10607, 54449
What are the prime factors of 482123947?
89, 5417123
List the prime factors of 317255414.
2, 7, 797, 28433
What are the prime factors of 1685117870?
2, 5, 168511787
List the prime factors of 6314679400.
2, 5, 271, 116507
List the prime factors of 39884925.
3, 5, 531799
List the prime factors of 415083324.
2, 3, 71, 487187
List the prime factors of 301931746.
2, 163, 926171
What are the prime factors of 11090937?
3, 11, 13, 103, 251
List the prime factors of 26949807.
3, 283, 3527
What are the prime factors of 598597669?
598597669
What are the prime factors of 78926108?
2, 19731527
List the prime factors of 24340911.
3, 7, 1159091
What are the prime factors of 38682220?
2, 5, 71, 27241
What are the prime factors of 69689257?
11, 6335387
What are the prime factors of 4483881563?
7, 17, 487, 1579
What are the prime factors of 35977407?
3, 53, 353, 641
List the prime factors of 11580495.
3, 5, 127, 6079
What are the prime factors of 3566915?
5, 11, 64853
What are the prime factors of 159021836?
2, 53, 373, 2011
What are the prime factors of 5176539187?
613, 8444599
List the prime factors of 12833196.
2, 3, 29, 36877
List the prime factors of 43184050.
2, 5, 7, 13, 9491
What are the prime factors of 156500819?
113, 1384963
What are the prime factors of 37460640?
2, 3, 5, 7, 11149
List the prime factors of 477960410.
2, 5, 389, 122869
List the prime factors of 526054614.
2, 3, 89, 985121
What are the prime factors of 117963993?
3, 7, 5617333
What are the prime factors of 115598536?
2, 14449817
List the prime factors of 2690541305.
5, 31, 59, 239, 1231
List the prime factors of 2411774505.
3, 5, 7, 71, 107837
List the prime factors of 17843702.
2, 137, 65123
List the prime factors of 6008220.
2, 3, 5, 29, 1151
What are the prime factors of 1976657070?
2, 3, 5, 89, 740321
What are the prime factors of 1803685077?
3, 22267717
What are the prime factors of 311148953?
31, 757, 13259
List the prime factors of 66315378.
2, 3, 11052563
List the prime factors of 193050445.
5, 7, 109, 7229
What are the prime factors of 121132621?
181, 669241
List the prime factors of 32666145.
3, 5, 733, 2971
List the prime factors of 84126180.
2, 3, 5, 23, 60961
What are the prime factors of 6252169614?
2, 3, 127, 431, 19037
List the prime factors of 13596857.
13596857
List the prime factors of 352457231.
7, 197, 255589
List the prime factors of 230255195.
5, 46051039
What are the prime factors of 9479022?
2, 3, 7, 269, 839
What are the prime factors of 1784746122?
2, 3, 17, 17497511
List the prime factors of 22496436.
2, 3, 103, 6067
What are the prime factors of 215794178?
2, 107897089
List the prime factors of 1418706425.
5, 56748257
What are the prime factors of 2040916246?
2, 1789, 570407
What are the prime factors of 326491965?
3, 5, 806153
What are the prime factors of 63181885?
5, 13, 972029
What are the prime factors of 1184182409?
419, 2826211
What are the prime factors of 1389482532?
2, 3, 23, 397, 1409
What are the prime factors of 4930290502?
2, 149, 16544599
What are the prime factors of 451704926?
2, 17, 101, 199, 661
List the prime factors of 175427118.
2, 3, 23, 643, 659
What are the prime factors of 287733412?
2, 71933353
List the prime factors of 4609835201.
4609835201
List the prime factors of 1593418734.
2, 3, 88523263
List the prime factors of 1984382358.
2, 3, 7, 17, 2779247
List the prime factors of 4486101042.
2, 3, 101, 491, 15077
What are the prime factors of 22806238?
2, 7, 13, 29, 149
List the prime factors of 1364013762.
2, 3, 19, 11965033
List the prime factors of 1678410011.
19, 88337369
What are the prime factors of 8197696?
2, 13, 59, 167
List the prime factors of 68694659.
11, 6244969
What are the prime factors of 2930001048?
2, 3, 13, 463, 6761
List the prime factors of 57541269.
3, 389, 49307
List the prime factors of 870047194.
2, 435023597
List the prime factors of 751691556.
2, 3, 7, 11, 37, 349
What are the prime factors of 39311616?
2, 3, 17, 3011
List the prime factors of 142956985.
5, 151, 189347
List the prime factors of 293020929.
3, 2269, 4783
What are the prime factors of 287239691?
287239691
List the prime factors of 17685218.
2, 8842609
List the prime factors of 1464267035.
5, 7, 11, 17, 409, 547
List the prime factors of 4353689868.
2, 3, 11, 17, 19, 9283
What are the prime factors of 164783416?
2, 7, 2942561
List the prime factors of 4041104219.
30931, 130649
What are the prime factors of 1034575667?
29, 35675023
What are the prime factors of 1716191036?
2, 7, 19, 229, 14087
What are the prime factors of 379026537?
3, 126342179
What are the prime factors of 66117396?
2, 3, 5509783
List the prime factors of 2621583306.
2, 3, 16182613
What are the prime fa